{"id":291,"date":"2019-03-20T14:33:56","date_gmt":"2019-03-20T13:33:56","guid":{"rendered":"https:\/\/molina-vela-abogados.com\/valencia\/?page_id=291"},"modified":"2019-03-20T14:33:57","modified_gmt":"2019-03-20T13:33:57","slug":"politica-privacidad","status":"publish","type":"page","link":"https:\/\/molina-vela-abogados.com\/valencia\/politica-privacidad","title":{"rendered":"Pol\u00edtica de Privacidad"},"content":{"rendered":"\n<p><strong>1.- DATOS DEL RESPONSABLE DEL TRATAMIENTO<\/strong><\/p>\n\n\n\n<p>Raz\u00f3n Social: Beatriz Molina Vela (en adelante, la \u201cEmpresa\u201d). <br>Domicilio: \u00a0Avd Arag\u00f3n n\u00ba 8 <br>46021 Valencia, Espa\u00f1a <br>Tel\u00e9fono: +34 622 606 870<br>Email para comunicaciones en materia de Protecci\u00f3n de datos: <a href=\"mailto:info@illuka.es\">molina.vela.abogados<\/a><a href=\"mailto:molina.vela.abogados@gmail.com\">@gmail.com<\/a><\/p>\n\n\n\n<p><strong>1.1. Normativa aplicable<\/strong><\/p>\n\n\n\n<p>Nuestra Pol\u00edtica de Privacidad se ha dise\u00f1ado de acuerdo con el <strong>Reglamento General de Protecci\u00f3n de Datos de la UE 2016\/679 del Parlamento Europeo <\/strong>y\n del Consejo, de 27 de abril de 2016, relativo a la protecci\u00f3n de las \npersonas f\u00edsicas en lo que respecta al tratamiento de datos personales y\n a la libre circulaci\u00f3n de estos datos y por el que se deroga la \nDirectiva 95\/46\/CE (Reglamento general de protecci\u00f3n de datos), y en lo \nque no contradiga el mencionado Reglamento, por lo dispuesto en el marco\n legislativo espa\u00f1ol en materia de Protecci\u00f3n de Datos de Car\u00e1cter \nPersonal.<\/p>\n\n\n\n<p>Al facilitarnos sus datos, Usted declara haber le\u00eddo y conocer la \npresente Pol\u00edtica de Privacidad, prestando su consentimiento inequ\u00edvoco y\n expreso al tratamiento de sus datos personales de acuerdo a las \nfinalidades y t\u00e9rminos aqu\u00ed expresados.<\/p>\n\n\n\n<p>La Empresa podr\u00e1 modificar la presente Pol\u00edtica de Privacidad para \nadaptarla a las novedades legislativas, jurisprudenciales o de \ninterpretaci\u00f3n de la Agencia Espa\u00f1ola de Protecci\u00f3n de Datos. Estas \ncondiciones de privacidad podr\u00e1n ser complementadas por el Aviso Legal, \nPol\u00edtica de Cookies y las Condiciones Generales que, en su caso, se \nrecojan para determinados productos o servicios, si dicho acceso supone \nalguna especialidad en materia de protecci\u00f3n de datos de car\u00e1cter \npersonal.<\/p>\n\n\n\n<p><strong>1.2. Delegado de Protecci\u00f3n de Datos<\/strong><\/p>\n\n\n\n<p>La empresa no tiene Delegado de Protecci\u00f3n de Datos.<\/p>\n\n\n\n<p><strong>2.- FINALIDAD DEL TRATAMIENTO DE LOS DATOS PERSONALES<\/strong><\/p>\n\n\n\n<p>El tratamiento que realizamos de sus datos personales responde a las siguientes finalidades:<\/p>\n\n\n\n<p>&#8211; Proporcionarle informaci\u00f3n relacionada con los productos y \nservicios que ofrece nuestra empresa y que detallan en este web site.<\/p>\n\n\n\n<p>&#8211; Realizar la contrataci\u00f3n de nuestros servicios mediante la \naceptaci\u00f3n del correspondiente presupuesto \/ pedido y\/o la firma de un \ncontrato mercantil.<\/p>\n\n\n\n<p>&#8211; Enviarle por correo electr\u00f3nico y\/o postal las noticias y novedades\n acerca de nuestra entidad, as\u00ed como las actualizaciones de nuestro \ncat\u00e1logo de productos y servicios.<\/p>\n\n\n\n<p><strong>2.1. Plazo de Conservaci\u00f3n de sus datos<\/strong><\/p>\n\n\n\n<p>Conservaremos sus datos personales desde que nos d\u00e9 su consentimiento\n hasta que lo revoque o bien solicite la limitaci\u00f3n del tratamiento. En \ntales casos, mantendremos sus datos de manera bloqueada durante los \nplazos legalmente exigidos.<\/p>\n\n\n\n<p><strong>3.- LEGITIMACI\u00d3N Y DATOS RECABADOS<\/strong><\/p>\n\n\n\n<p>La legitimaci\u00f3n para el tratamiento de sus datos es el consentimiento\n expreso otorgado mediante un acto positivo y afirmativo (rellenar el \nformulario correspondiente y marcar la casilla de aceptaci\u00f3n de esta \npol\u00edtica) en el momento de facilitarnos sus datos personales.<\/p>\n\n\n\n<p><strong>3.1. Consentimiento para tratar sus datos<\/strong><\/p>\n\n\n\n<p>Al rellenar los formularios, marcar la casilla \u201cAcepto la Pol\u00edtica de\n Privacidad\u201d y hacer clic para enviar los datos, o al remitir correos \nelectr\u00f3nicos a la Empresa a trav\u00e9s de las cuentas habilitadas al efecto,\n el Usuario manifiesta haber le\u00eddo y aceptado expresamente la presente \npol\u00edtica de privacidad, y otorga su consentimiento inequ\u00edvoco y expreso \nal tratamiento de sus datos personales conforme a las finalidades \nindicadas.<\/p>\n\n\n\n<p><strong>3.2. Categor\u00edas de datos<\/strong><\/p>\n\n\n\n<p>Los datos que se recaban se refieren a la categor\u00eda de datos \nidentificativos, como pueden ser: Nombre y Apellidos, CIF o NIF, \nTel\u00e9fono, Direcci\u00f3n Postal, Empresa, Correo electr\u00f3nico, as\u00ed como la \ndirecci\u00f3n IP desde donde accede al formulario de recogida de datos.<\/p>\n\n\n\n<p><strong>4.- MEDIDAS DE SEGURIDAD<\/strong><\/p>\n\n\n\n<p>Dentro de nuestro compromiso por garantizar la seguridad y \nconfidencialidad de sus datos de car\u00e1cter personal, le informamos que se\n han adoptado las medidas de \u00edndole t\u00e9cnica y organizativas necesarias \npara garantizar la seguridad de los datos de car\u00e1cter personal y evitar \nsu alteraci\u00f3n, p\u00e9rdida, tratamiento o acceso no autorizado, habida \ncuenta del estado de la tecnolog\u00eda, la naturaleza de los datos \nalmacenados y los riesgos a que est\u00e9n expuestos, seg\u00fan el Art. 32 del \nRGPD EU 679\/2016.<\/p>\n\n\n\n<p><strong>5.- CESI\u00d3N DE DATOS<\/strong><\/p>\n\n\n\n<p>No se prev\u00e9n cesiones de datos ni transferencias internacionales de \nsus datos, a excepci\u00f3n de las autorizadas por la legislaci\u00f3n fiscal, \nmercantil y de telecomunicaciones as\u00ed como en aquellos casos en los que \nuna autoridad judicial nos lo requiera.<\/p>\n\n\n\n<p><strong>6.- DERECHOS DEL USUARIO<\/strong><\/p>\n\n\n\n<p>Cualquier interesado tiene derecho a obtener confirmaci\u00f3n sobre si \nestamos tratando datos personales que le conciernan, o no. Las personas \ninteresadas tienen derecho a acceder a sus datos personales, as\u00ed como a \nsolicitar la rectificaci\u00f3n de los datos inexactos o, en su caso, \nsolicitar su supresi\u00f3n cuando, entre otros motivos, los datos ya no sean\n necesarios para los fines que fueron recogidos. En determinadas \ncircunstancias, los interesados podr\u00e1n solicitar la limitaci\u00f3n del \ntratamiento de sus datos, en cuyo caso \u00fanicamente los conservaremos para\n el ejercicio o la defensa de reclamaciones. Por motivos relacionados \ncon su situaci\u00f3n particular, los interesados podr\u00e1n oponerse oponerse al\n tratamiento de sus datos. El Responsable del fichero dejar\u00e1 de tratar \nlos datos, salvo por motivos leg\u00edtimos imperiosos, o el ejercicio o la \ndefensa de posibles reclamaciones.<\/p>\n\n\n\n<p>De acuerdo con la legislaci\u00f3n vigente tiene los siguientes derechos: \nderecho a solicitar el acceso a sus datos personales, derecho a \nsolicitar su rectificaci\u00f3n o supresi\u00f3n, derecho a solicitar la \nlimitaci\u00f3n de su tratamiento, derecho a oponerse al tratamiento, derecho\n a la portabilidad de los datos y as\u00ed mismo, a revocar el consentimiento\n otorgado.<\/p>\n\n\n\n<p><strong>6.1. \u00bfC\u00f3mo ejercitar mis derechos?<\/strong><\/p>\n\n\n\n<p>Para ejercer sus derechos, debe dirigirse al responsable, solicitando  el correspondiente formulario para el ejercicio del derecho elegido.  Opcionalmente, puede acudir a la Autoridad de Control competente para  obtener informaci\u00f3n adicional acerca de sus derechos. Los datos de  contacto para el ejercicio de sus derechos son el tel\u00e9fono <strong>+34<\/strong> <strong>96 351 69 00<\/strong> <strong> <\/strong>y el correo electr\u00f3nico: <strong>molina.vela.abogados@gmail.com<\/strong> Recuerde acompa\u00f1ar una copia de un documento que nos permita identificarle.<\/p>\n\n\n\n<p><strong>7.- CONSENTIMIENTO PARA ENV\u00cdO DE COMUNICACIONES ELECTR\u00d3NICAS<\/strong><\/p>\n\n\n\n<p> As\u00ed mismo, y de acuerdo con lo establecido en la Ley 34\/2002, de 11 de  julio, de Servicios de la Sociedad de la Informaci\u00f3n y del Comercio  Electr\u00f3nico, completando el formulario de recogida de datos, esta otorgando el consentimiento expreso para enviarle a  su direcci\u00f3n de correo electr\u00f3nico, tel\u00e9fono, fax u otro medio  electr\u00f3nico en env\u00edo de informaci\u00f3n solicitada y acerca de la Empresa. <\/p>\n","protected":false},"excerpt":{"rendered":"<p>1.- DATOS DEL RESPONSABLE DEL TRATAMIENTO Raz\u00f3n Social: Beatriz Molina Vela (en adelante, la \u201cEmpresa\u201d). Domicilio: \u00a0Avd Arag\u00f3n n\u00ba 8 46021 Valencia, Espa\u00f1a Tel\u00e9fono: +34 622 606 870Email para comunicaciones en materia de Protecci\u00f3n de datos: molina.vela.abogados@gmail.com 1.1. Normativa aplicable Nuestra Pol\u00edtica de Privacidad se ha dise\u00f1ado de acuerdo con el Reglamento General de Protecci\u00f3n &hellip; <a href=\"https:\/\/molina-vela-abogados.com\/valencia\/politica-privacidad\" class=\"more-link\">Seguir leyendo <span class=\"screen-reader-text\">Pol\u00edtica de Privacidad<\/span> <span class=\"meta-nav\">&rarr;<\/span><\/a><\/p>\n","protected":false},"author":1,"featured_media":0,"parent":0,"menu_order":0,"comment_status":"closed","ping_status":"closed","template":"","meta":{"spay_email":""},"jetpack_shortlink":"https:\/\/wp.me\/P23X9y-4H","jetpack_sharing_enabled":false,"jetpack_likes_enabled":false,"_links":{"self":[{"href":"https:\/\/molina-vela-abogados.com\/valencia\/wp-json\/wp\/v2\/pages\/291"}],"collection":[{"href":"https:\/\/molina-vela-abogados.com\/valencia\/wp-json\/wp\/v2\/pages"}],"about":[{"href":"https:\/\/molina-vela-abogados.com\/valencia\/wp-json\/wp\/v2\/types\/page"}],"author":[{"embeddable":true,"href":"https:\/\/molina-vela-abogados.com\/valencia\/wp-json\/wp\/v2\/users\/1"}],"replies":[{"embeddable":true,"href":"https:\/\/molina-vela-abogados.com\/valencia\/wp-json\/wp\/v2\/comments?post=291"}],"version-history":[{"count":1,"href":"https:\/\/molina-vela-abogados.com\/valencia\/wp-json\/wp\/v2\/pages\/291\/revisions"}],"predecessor-version":[{"id":292,"href":"https:\/\/molina-vela-abogados.com\/valencia\/wp-json\/wp\/v2\/pages\/291\/revisions\/292"}],"wp:attachment":[{"href":"https:\/\/molina-vela-abogados.com\/valencia\/wp-json\/wp\/v2\/media?parent=291"}],"curies":[{"name":"wp","href":"https:\/\/api.w.org\/{rel}","templated":true}]}}