{"id":278,"date":"2019-03-20T11:16:27","date_gmt":"2019-03-20T10:16:27","guid":{"rendered":"https:\/\/molina-vela-abogados.com\/valencia\/?page_id=278"},"modified":"2020-06-11T20:24:19","modified_gmt":"2020-06-11T19:24:19","slug":"custodia-compartida","status":"publish","type":"page","link":"https:\/\/molina-vela-abogados.com\/valencia\/custodia-compartida","title":{"rendered":"Custodia Compartida"},"content":{"rendered":"\n<p>Desde hace ya algunos a\u00f1os, y como consecuencia del cambio producido en la sociedad, donde las responsabilidades parentales, poco a poco, se van compartiendo de manera igualitaria entre ambos padres durante la convivencia, vemos que las modalidades de guarda y custodia (guarda y custodia compartida o individual), en los casos de ruptura de la pareja, van adapt\u00e1ndose a ese cambio.<\/p>\n\n\n\n<p>Cada vez existe un n\u00famero mayor de padres, que pactan la custodia compartida de los menores, cuando la ruptura de la relaci\u00f3n de pareja se ha producido.<\/p>\n\n\n\n<p>Los padres que tiene establecido un r\u00e9gimen de <strong>Custodia Compartida<\/strong> ya no son una rara especie, ya no resulta tan excepcional como anta\u00f1o, ni su establecimiento es visto como algo negativo en relaci\u00f3n a la idoneidad de la madre. Tan solo es que la sociedad en su conjunto est\u00e1 tomando conciencia que no se puede relegar a ninguno de los progenitores a un papel secundario o en algunos casos casi inexistente.<\/p>\n\n\n\n<p>Hasta llegar aqu\u00ed hay un largo camino recorrido, vemos como se han vivido situaciones que tristemente han llevado, en muchos casos, a un desarraigo total de los hijos respecto del padre, y a nuestro entender, se ha llegado a vulnerar gravemente el derecho de los hijos a relacionarse con su padre, puesto que, durante muchos a\u00f1os, los casos en los que \u00e9ste solo ve\u00eda a sus hijos cuatro d\u00edas al mes, eran la norma general; cu\u00e1n dif\u00edcil era para los padres no quedar relegados al \u00faltimo lugar en las vidas de sus hijos.<\/p>\n\n\n\n<p>Como decimos el panorama actual ha cambiado, y las leyes auton\u00f3micas que regulan las relaciones familiares han sido las mas avanzadas, al establecer,&nbsp; como regla general, el r\u00e9gimen de<strong> Custodia Compartida<\/strong>, en los casos en los que no existe acuerdo entre los progenitores.<\/p>\n\n\n\n<p>En concreto, la Comunidad Valenciana ya tiene en vigor, y se aplica de manera efectiva la <em><strong>Ley 5\/2011, de 1 de abril, de la Generalitat, de Relaciones Familiares de los hijos e hijas cuyos progenitores no conviven<\/strong>.<\/em> Esta Ley asume los presupuestos contenidos en el art. 22 de la <em>Ley 12\/2008, de 3 de julio, de la Generalitat, de Protecci\u00f3n Integral de la Infancia y la Adolescencia de la Comunitat Valenciana,<\/em> art\u00edculo que habla de los derechos de los menores en las relaciones familiares.<\/p>\n\n\n\n<p>Los derechos que all\u00ed se contemplan son:<\/p>\n\n\n\n<p>1. Principio de <strong>coparentalidad<\/strong>: \u00abLos poderes p\u00fablicos velar\u00e1n por la protecci\u00f3n del principio de coparentalidad en el cuidado y educaci\u00f3n de los menores, y garantizar\u00e1n el derecho de estos a que ambos progenitores participen por igual en la toma de decisiones que afecten a sus intereses\u00bb.<\/p>\n\n\n\n<p>2.<strong> Derecho de cada menor a \u00abcrecer y vivir con sus padres<\/strong>, si ambos manifiestan voluntad y aptitud para la crianza, procur\u00e1ndose en los casos de separaci\u00f3n de los progenitores una convivencia igualitaria con ambos\u00bb.<\/p>\n\n\n\n<p>3. <strong>Derecho de cada menor<\/strong>, separado de un progenitor, \u00ab<strong>a mantener relaciones personales y contacto directo con ambos progenitores de modo regular\u00bb<\/strong>.<\/p>\n\n\n\n<p>4. <strong>Derecho de cada menor \u00aba mantener relaci\u00f3n con sus hermanos, abuelos<\/strong> y dem\u00e1s parientes pr\u00f3ximos o allegados\u00bb.<\/p>\n\n\n\n<p>5. En la observancia de estos derechos prevalecer\u00e1 siempre el mayor inter\u00e9s de cada menor y la incidencia en su desarrollo psicol\u00f3gico y social.<\/p>\n\n\n\n<p>La referida Ley considera que los padres deben tomar consciencia de la importancia que tiene el llegar a acuerdos que garanticen un r\u00e9gimen equitativo de relaciones de los hijos con ambos en los casos de ruptura, y a falta de dicho pacto, el criterio que deber\u00e1 prevalecer, cuando deba ser del Juez la decisi\u00f3n, ser\u00e1 el de la <strong>Convivencia o Custodia Compartida.<\/strong><\/p>\n\n\n\n<p>La \u201cLey Valenciana de Custodia Compartida\u201d, como se le suele denominar a esta Ley, de acuerdo con su exposici\u00f3n de motivos, pretende<em> \u201cgarantizar el mantenimiento de los lazos de afectividad con ambos progenitores tras la ruptura. Asimismo, pretende disminuir el nivel de litigiosidad entre \u00e9stos, derivada del frecuente otorgamiento de la convivencia a uno solo de ellos y favorecer la corresponsabilidad y la distribuci\u00f3n igualitaria de roles sociales entre hombres y mujeres en las relaciones familiares.\u201d<\/em><\/p>\n\n\n\n<p>Para ello el <strong>art\u00edculo 5 de la citada Ley de Custodia Compartida<\/strong>, establece que<em> \u201cComo <strong>regla general, atribuir\u00e1 a ambos progenitores, de manera compartida, el r\u00e9gimen de convivencia con los hijos e hijas menores de edad<\/strong>, sin que sea obst\u00e1culo para ello la oposici\u00f3n de uno de los progenitores o las malas relaciones entre ellos\u201d.<\/em><\/p>\n\n\n\n<p>En defecto de pacto, y antes de fijar el r\u00e9gimen de convivencia de cada progenitor con los hijos e hijas menores, y a la vista de la propuesta de <strong>Pacto de Convivencia Familiar,<\/strong> que cada uno de ellos deber\u00e1 presentar, la autoridad judicial tendr\u00e1 en cuenta los siguientes <strong>factores:<\/strong><\/p>\n\n\n\n<p>a) La <strong>edad de los menores<\/strong>. En los casos de lactantes, se podr\u00e1 establecer un r\u00e9gimen de convivencia provisional, de menor extensi\u00f3n, acorde con las necesidades del ni\u00f1o o de la ni\u00f1a, que deber\u00e1 ser progresivamente ampliado a instancia de cualquiera de los progenitores.<\/p>\n\n\n\n<p>b) La <strong>opini\u00f3n de los hijos e hijas<\/strong> menores, cuando tuvieran la madurez suficiente y, en todo caso, cuando hayan cumplido 12 a\u00f1os.<\/p>\n\n\n\n<p>c) La <strong>dedicaci\u00f3n pasada a la familia<\/strong>, el tiempo dedicado a la crianza y educaci\u00f3n de los&nbsp; menores y la capacidad de cada progenitor.<\/p>\n\n\n\n<p>d) Los<strong> informes<\/strong> sociales, m\u00e9dicos, psicol\u00f3gicos y dem\u00e1s que procedan.<\/p>\n\n\n\n<p>e) Los supuestos de especial <strong>arraigo social, escolar o familiar<\/strong> de los menores.<\/p>\n\n\n\n<p>f) Las posibilidades de <strong>conciliaci\u00f3n de la vida familiar y laboral<\/strong> de los padres.<\/p>\n\n\n\n<p>g) La <strong>disponibilidad de cada uno<\/strong> de ellos para mantener un trato directo con cada hijo o hija menor de edad.<\/p>\n\n\n\n<p>h) Cualquier<strong> otra circunstancia relevante<\/strong> a estos efectos.<\/p>\n\n\n\n<p>Con estos criterios el Juez decidir\u00e1, siempre velando por el <strong>inter\u00e9s superior del menor<\/strong>, que r\u00e9gimen de custodia o convivencia establece en cada caso concreto.<\/p>\n\n\n\n<p>En todo caso, si existen razones de entidad suficiente, el r\u00e9gimen de custodia compartida puede no ser aplicado de manera autom\u00e1tica, pues siempre deber\u00e1n ser valoradas las circunstancias concretas de cada caso.<\/p>\n<div class=\"sharedaddy sd-sharing-enabled\"><div class=\"robots-nocontent sd-block sd-social sd-social-icon sd-sharing\"><h3 class=\"sd-title\">Comparte esta p\u00e1gina:<\/h3><div class=\"sd-content\"><ul><li class=\"share-facebook\"><a rel=\"nofollow noopener noreferrer\" data-shared=\"sharing-facebook-278\" class=\"share-facebook sd-button share-icon no-text\" href=\"https:\/\/molina-vela-abogados.com\/valencia\/custodia-compartida?share=facebook\" target=\"_blank\" title=\"Haz clic para compartir en Facebook\"><span><\/span><span class=\"sharing-screen-reader-text\">Haz clic para compartir en Facebook (Se abre en una ventana nueva)<\/span><\/a><\/li><li class=\"share-twitter\"><a rel=\"nofollow noopener noreferrer\" data-shared=\"sharing-twitter-278\" class=\"share-twitter sd-button share-icon no-text\" href=\"https:\/\/molina-vela-abogados.com\/valencia\/custodia-compartida?share=twitter\" target=\"_blank\" title=\"Haz clic para compartir en Twitter\"><span><\/span><span class=\"sharing-screen-reader-text\">Haz clic para compartir en Twitter (Se abre en una ventana nueva)<\/span><\/a><\/li><li class=\"share-linkedin\"><a rel=\"nofollow noopener noreferrer\" data-shared=\"sharing-linkedin-278\" class=\"share-linkedin sd-button share-icon no-text\" href=\"https:\/\/molina-vela-abogados.com\/valencia\/custodia-compartida?share=linkedin\" target=\"_blank\" title=\"Haz clic para compartir en LinkedIn\"><span><\/span><span class=\"sharing-screen-reader-text\">Haz clic para compartir en LinkedIn (Se abre en una ventana nueva)<\/span><\/a><\/li><li class=\"share-print\"><a rel=\"nofollow noopener noreferrer\" data-shared=\"\" class=\"share-print sd-button share-icon no-text\" href=\"https:\/\/molina-vela-abogados.com\/valencia\/custodia-compartida\" target=\"_blank\" title=\"Haz clic para imprimir\"><span><\/span><span class=\"sharing-screen-reader-text\">Haz clic para imprimir (Se abre en una ventana nueva)<\/span><\/a><\/li><li class=\"share-email\"><a rel=\"nofollow noopener noreferrer\" data-shared=\"\" class=\"share-email sd-button share-icon no-text\" href=\"https:\/\/molina-vela-abogados.com\/valencia\/custodia-compartida?share=email\" target=\"_blank\" title=\"Haz clic para enviar por correo electr\u00f3nico a un amigo\"><span><\/span><span class=\"sharing-screen-reader-text\">Haz clic para enviar por correo electr\u00f3nico a un amigo (Se abre en una ventana nueva)<\/span><\/a><\/li><li class=\"share-end\"><\/li><\/ul><\/div><\/div><\/div>","protected":false},"excerpt":{"rendered":"<p>Desde hace ya algunos a\u00f1os, y como consecuencia del cambio producido en la sociedad, donde las responsabilidades parentales, poco a poco, se van compartiendo de manera igualitaria entre ambos padres durante la convivencia, vemos que las modalidades de guarda y custodia (guarda y custodia compartida o individual), en los casos de ruptura de la pareja, &hellip; <a href=\"https:\/\/molina-vela-abogados.com\/valencia\/custodia-compartida\" class=\"more-link\">Seguir leyendo <span class=\"screen-reader-text\">Custodia Compartida<\/span> <span class=\"meta-nav\">&rarr;<\/span><\/a><\/p>\n<div class=\"sharedaddy sd-sharing-enabled\"><div class=\"robots-nocontent sd-block sd-social sd-social-icon sd-sharing\"><h3 class=\"sd-title\">Comparte esta p\u00e1gina:<\/h3><div class=\"sd-content\"><ul><li class=\"share-facebook\"><a rel=\"nofollow noopener noreferrer\" data-shared=\"sharing-facebook-278\" class=\"share-facebook sd-button share-icon no-text\" href=\"https:\/\/molina-vela-abogados.com\/valencia\/custodia-compartida?share=facebook\" target=\"_blank\" title=\"Haz clic para compartir en Facebook\"><span><\/span><span class=\"sharing-screen-reader-text\">Haz clic para compartir en Facebook (Se abre en una ventana nueva)<\/span><\/a><\/li><li class=\"share-twitter\"><a rel=\"nofollow noopener noreferrer\" data-shared=\"sharing-twitter-278\" class=\"share-twitter sd-button share-icon no-text\" href=\"https:\/\/molina-vela-abogados.com\/valencia\/custodia-compartida?share=twitter\" target=\"_blank\" title=\"Haz clic para compartir en Twitter\"><span><\/span><span class=\"sharing-screen-reader-text\">Haz clic para compartir en Twitter (Se abre en una ventana nueva)<\/span><\/a><\/li><li class=\"share-linkedin\"><a rel=\"nofollow noopener noreferrer\" data-shared=\"sharing-linkedin-278\" class=\"share-linkedin sd-button share-icon no-text\" href=\"https:\/\/molina-vela-abogados.com\/valencia\/custodia-compartida?share=linkedin\" target=\"_blank\" title=\"Haz clic para compartir en LinkedIn\"><span><\/span><span class=\"sharing-screen-reader-text\">Haz clic para compartir en LinkedIn (Se abre en una ventana nueva)<\/span><\/a><\/li><li class=\"share-print\"><a rel=\"nofollow noopener noreferrer\" data-shared=\"\" class=\"share-print sd-button share-icon no-text\" href=\"https:\/\/molina-vela-abogados.com\/valencia\/custodia-compartida\" target=\"_blank\" title=\"Haz clic para imprimir\"><span><\/span><span class=\"sharing-screen-reader-text\">Haz clic para imprimir (Se abre en una ventana nueva)<\/span><\/a><\/li><li class=\"share-email\"><a rel=\"nofollow noopener noreferrer\" data-shared=\"\" class=\"share-email sd-button share-icon no-text\" href=\"https:\/\/molina-vela-abogados.com\/valencia\/custodia-compartida?share=email\" target=\"_blank\" title=\"Haz clic para enviar por correo electr\u00f3nico a un amigo\"><span><\/span><span class=\"sharing-screen-reader-text\">Haz clic para enviar por correo electr\u00f3nico a un amigo (Se abre en una ventana nueva)<\/span><\/a><\/li><li class=\"share-end\"><\/li><\/ul><\/div><\/div><\/div>","protected":false},"author":1,"featured_media":0,"parent":0,"menu_order":0,"comment_status":"closed","ping_status":"closed","template":"","meta":{"spay_email":""},"jetpack_shortlink":"https:\/\/wp.me\/P23X9y-4u","jetpack_sharing_enabled":true,"jetpack_likes_enabled":true,"_links":{"self":[{"href":"https:\/\/molina-vela-abogados.com\/valencia\/wp-json\/wp\/v2\/pages\/278"}],"collection":[{"href":"https:\/\/molina-vela-abogados.com\/valencia\/wp-json\/wp\/v2\/pages"}],"about":[{"href":"https:\/\/molina-vela-abogados.com\/valencia\/wp-json\/wp\/v2\/types\/page"}],"author":[{"embeddable":true,"href":"https:\/\/molina-vela-abogados.com\/valencia\/wp-json\/wp\/v2\/users\/1"}],"replies":[{"embeddable":true,"href":"https:\/\/molina-vela-abogados.com\/valencia\/wp-json\/wp\/v2\/comments?post=278"}],"version-history":[{"count":1,"href":"https:\/\/molina-vela-abogados.com\/valencia\/wp-json\/wp\/v2\/pages\/278\/revisions"}],"predecessor-version":[{"id":281,"href":"https:\/\/molina-vela-abogados.com\/valencia\/wp-json\/wp\/v2\/pages\/278\/revisions\/281"}],"wp:attachment":[{"href":"https:\/\/molina-vela-abogados.com\/valencia\/wp-json\/wp\/v2\/media?parent=278"}],"curies":[{"name":"wp","href":"https:\/\/api.w.org\/{rel}","templated":true}]}}

<p>Desde hace ya algunos años, y como consecuencia del cambio producido en la sociedad, donde las responsabilidades parentales, poco a poco, se van compartiendo de manera igualitaria entre ambos padres durante la convivencia, vemos que las modalidades de guarda y custodia (guarda y custodia compartida o individual), en los casos de ruptura de la pareja, van adaptándose a ese cambio.</p>



<p>Cada vez existe un número mayor de padres, que pactan la custodia compartida de los menores, cuando la ruptura de la relación de pareja se ha producido.</p>



<p>Los padres que tiene establecido un régimen de <strong>Custodia Compartida</strong> ya no son una rara especie, ya no resulta tan excepcional como antaño, ni su establecimiento es visto como algo negativo en relación a la idoneidad de la madre. Tan solo es que la sociedad en su conjunto está tomando conciencia que no se puede relegar a ninguno de los progenitores a un papel secundario o en algunos casos casi inexistente.</p>



<p>Hasta llegar aquí hay un largo camino recorrido, vemos como se han vivido situaciones que tristemente han llevado, en muchos casos, a un desarraigo total de los hijos respecto del padre, y a nuestro entender, se ha llegado a vulnerar gravemente el derecho de los hijos a relacionarse con su padre, puesto que, durante muchos años, los casos en los que éste solo veía a sus hijos cuatro días al mes, eran la norma general; cuán difícil era para los padres no quedar relegados al último lugar en las vidas de sus hijos.</p>



<p>Como decimos el panorama actual ha cambiado, y las leyes autonómicas que regulan las relaciones familiares han sido las mas avanzadas, al establecer,&nbsp; como regla general, el régimen de<strong> Custodia Compartida</strong>, en los casos en los que no existe acuerdo entre los progenitores.</p>



<p>En concreto, la Comunidad Valenciana ya tiene en vigor, y se aplica de manera efectiva la <em><strong>Ley 5/2011, de 1 de abril, de la Generalitat, de Relaciones Familiares de los hijos e hijas cuyos progenitores no conviven</strong>.</em> Esta Ley asume los presupuestos contenidos en el art. 22 de la <em>Ley 12/2008, de 3 de julio, de la Generalitat, de Protección Integral de la Infancia y la Adolescencia de la Comunitat Valenciana,</em> artículo que habla de los derechos de los menores en las relaciones familiares.</p>



<p>Los derechos que allí se contemplan son:</p>



<p>1. Principio de <strong>coparentalidad</strong>: «Los poderes públicos velarán por la protección del principio de coparentalidad en el cuidado y educación de los menores, y garantizarán el derecho de estos a que ambos progenitores participen por igual en la toma de decisiones que afecten a sus intereses».</p>



<p>2.<strong> Derecho de cada menor a «crecer y vivir con sus padres</strong>, si ambos manifiestan voluntad y aptitud para la crianza, procurándose en los casos de separación de los progenitores una convivencia igualitaria con ambos».</p>



<p>3. <strong>Derecho de cada menor</strong>, separado de un progenitor, «<strong>a mantener relaciones personales y contacto directo con ambos progenitores de modo regular»</strong>.</p>



<p>4. <strong>Derecho de cada menor «a mantener relación con sus hermanos, abuelos</strong> y demás parientes próximos o allegados».</p>



<p>5. En la observancia de estos derechos prevalecerá siempre el mayor interés de cada menor y la incidencia en su desarrollo psicológico y social.</p>



<p>La referida Ley considera que los padres deben tomar consciencia de la importancia que tiene el llegar a acuerdos que garanticen un régimen equitativo de relaciones de los hijos con ambos en los casos de ruptura, y a falta de dicho pacto, el criterio que deberá prevalecer, cuando deba ser del Juez la decisión, será el de la <strong>Convivencia o Custodia Compartida.</strong></p>



<p>La “Ley Valenciana de Custodia Compartida”, como se le suele denominar a esta Ley, de acuerdo con su exposición de motivos, pretende<em> “garantizar el mantenimiento de los lazos de afectividad con ambos progenitores tras la ruptura. Asimismo, pretende disminuir el nivel de litigiosidad entre éstos, derivada del frecuente otorgamiento de la convivencia a uno solo de ellos y favorecer la corresponsabilidad y la distribución igualitaria de roles sociales entre hombres y mujeres en las relaciones familiares.”</em></p>



<p>Para ello el <strong>artículo 5 de la citada Ley de Custodia Compartida</strong>, establece que<em> “Como <strong>regla general, atribuirá a ambos progenitores, de manera compartida, el régimen de convivencia con los hijos e hijas menores de edad</strong>, sin que sea obstáculo para ello la oposición de uno de los progenitores o las malas relaciones entre ellos”.</em></p>



<p>En defecto de pacto, y antes de fijar el régimen de convivencia de cada progenitor con los hijos e hijas menores, y a la vista de la propuesta de <strong>Pacto de Convivencia Familiar,</strong> que cada uno de ellos deberá presentar, la autoridad judicial tendrá en cuenta los siguientes <strong>factores:</strong></p>



<p>a) La <strong>edad de los menores</strong>. En los casos de lactantes, se podrá establecer un régimen de convivencia provisional, de menor extensión, acorde con las necesidades del niño o de la niña, que deberá ser progresivamente ampliado a instancia de cualquiera de los progenitores.</p>



<p>b) La <strong>opinión de los hijos e hijas</strong> menores, cuando tuvieran la madurez suficiente y, en todo caso, cuando hayan cumplido 12 años.</p>



<p>c) La <strong>dedicación pasada a la familia</strong>, el tiempo dedicado a la crianza y educación de los&nbsp; menores y la capacidad de cada progenitor.</p>



<p>d) Los<strong> informes</strong> sociales, médicos, psicológicos y demás que procedan.</p>



<p>e) Los supuestos de especial <strong>arraigo social, escolar o familiar</strong> de los menores.</p>



<p>f) Las posibilidades de <strong>conciliación de la vida familiar y laboral</strong> de los padres.</p>



<p>g) La <strong>disponibilidad de cada uno</strong> de ellos para mantener un trato directo con cada hijo o hija menor de edad.</p>



<p>h) Cualquier<strong> otra circunstancia relevante</strong> a estos efectos.</p>



<p>Con estos criterios el Juez decidirá, siempre velando por el <strong>interés superior del menor</strong>, que régimen de custodia o convivencia establece en cada caso concreto.</p>



<p>En todo caso, si existen razones de entidad suficiente, el régimen de custodia compartida puede no ser aplicado de manera automática, pues siempre deberán ser valoradas las circunstancias concretas de cada caso.</p>
<div class="sharedaddy sd-sharing-enabled"><div class="robots-nocontent sd-block sd-social sd-social-icon sd-sharing"><h3 class="sd-title">Comparte esta página:</h3><div class="sd-content"><ul><li class="share-facebook"><a rel="nofollow noopener noreferrer" data-shared="sharing-facebook-278" class="share-facebook sd-button share-icon no-text" href="https://molina-vela-abogados.com/valencia/custodia-compartida?share=facebook" target="_blank" title="Haz clic para compartir en Facebook"><span></span><span class="sharing-screen-reader-text">Haz clic para compartir en Facebook (Se abre en una ventana nueva)</span></a></li><li class="share-twitter"><a rel="nofollow noopener noreferrer" data-shared="sharing-twitter-278" class="share-twitter sd-button share-icon no-text" href="https://molina-vela-abogados.com/valencia/custodia-compartida?share=twitter" target="_blank" title="Haz clic para compartir en Twitter"><span></span><span class="sharing-screen-reader-text">Haz clic para compartir en Twitter (Se abre en una ventana nueva)</span></a></li><li class="share-linkedin"><a rel="nofollow noopener noreferrer" data-shared="sharing-linkedin-278" class="share-linkedin sd-button share-icon no-text" href="https://molina-vela-abogados.com/valencia/custodia-compartida?share=linkedin" target="_blank" title="Haz clic para compartir en LinkedIn"><span></span><span class="sharing-screen-reader-text">Haz clic para compartir en LinkedIn (Se abre en una ventana nueva)</span></a></li><li class="share-print"><a rel="nofollow noopener noreferrer" data-shared="" class="share-print sd-button share-icon no-text" href="https://molina-vela-abogados.com/valencia/custodia-compartida" target="_blank" title="Haz clic para imprimir"><span></span><span class="sharing-screen-reader-text">Haz clic para imprimir (Se abre en una ventana nueva)</span></a></li><li class="share-email"><a rel="nofollow noopener noreferrer" data-shared="" class="share-email sd-button share-icon no-text" href="https://molina-vela-abogados.com/valencia/custodia-compartida?share=email" target="_blank" title="Haz clic para enviar por correo electrónico a un amigo"><span></span><span class="sharing-screen-reader-text">Haz clic para enviar por correo electrónico a un amigo (Se abre en una ventana nueva)</span></a></li><li class="share-end"></li></ul></div></div></div>

<p>Desde hace ya algunos años, y como consecuencia del cambio producido en la sociedad, donde las responsabilidades parentales, poco a poco, se van compartiendo de manera igualitaria entre ambos padres durante la convivencia, vemos que las modalidades de guarda y custodia (guarda y custodia compartida o individual), en los casos de ruptura de la pareja, &hellip; <a href="https://molina-vela-abogados.com/valencia/custodia-compartida" class="more-link">Seguir leyendo <span class="screen-reader-text">Custodia Compartida</span> <span class="meta-nav">&rarr;</span></a></p>
<div class="sharedaddy sd-sharing-enabled"><div class="robots-nocontent sd-block sd-social sd-social-icon sd-sharing"><h3 class="sd-title">Comparte esta página:</h3><div class="sd-content"><ul><li class="share-facebook"><a rel="nofollow noopener noreferrer" data-shared="sharing-facebook-278" class="share-facebook sd-button share-icon no-text" href="https://molina-vela-abogados.com/valencia/custodia-compartida?share=facebook" target="_blank" title="Haz clic para compartir en Facebook"><span></span><span class="sharing-screen-reader-text">Haz clic para compartir en Facebook (Se abre en una ventana nueva)</span></a></li><li class="share-twitter"><a rel="nofollow noopener noreferrer" data-shared="sharing-twitter-278" class="share-twitter sd-button share-icon no-text" href="https://molina-vela-abogados.com/valencia/custodia-compartida?share=twitter" target="_blank" title="Haz clic para compartir en Twitter"><span></span><span class="sharing-screen-reader-text">Haz clic para compartir en Twitter (Se abre en una ventana nueva)</span></a></li><li class="share-linkedin"><a rel="nofollow noopener noreferrer" data-shared="sharing-linkedin-278" class="share-linkedin sd-button share-icon no-text" href="https://molina-vela-abogados.com/valencia/custodia-compartida?share=linkedin" target="_blank" title="Haz clic para compartir en LinkedIn"><span></span><span class="sharing-screen-reader-text">Haz clic para compartir en LinkedIn (Se abre en una ventana nueva)</span></a></li><li class="share-print"><a rel="nofollow noopener noreferrer" data-shared="" class="share-print sd-button share-icon no-text" href="https://molina-vela-abogados.com/valencia/custodia-compartida" target="_blank" title="Haz clic para imprimir"><span></span><span class="sharing-screen-reader-text">Haz clic para imprimir (Se abre en una ventana nueva)</span></a></li><li class="share-email"><a rel="nofollow noopener noreferrer" data-shared="" class="share-email sd-button share-icon no-text" href="https://molina-vela-abogados.com/valencia/custodia-compartida?share=email" target="_blank" title="Haz clic para enviar por correo electrónico a un amigo"><span></span><span class="sharing-screen-reader-text">Haz clic para enviar por correo electrónico a un amigo (Se abre en una ventana nueva)</span></a></li><li class="share-end"></li></ul></div></div></div>
