{"id":20,"date":"2011-01-11T13:14:25","date_gmt":"2011-01-11T13:14:25","guid":{"rendered":"http:\/\/molina-vela-abogados.com\/wp\/?page_id=20"},"modified":"2013-12-17T21:43:20","modified_gmt":"2013-12-17T20:43:20","slug":"malos-tratos","status":"publish","type":"page","link":"https:\/\/molina-vela-abogados.com\/valencia\/malos-tratos","title":{"rendered":"Malos tratos"},"content":{"rendered":"<p align=\"JUSTIFY\"><strong> <\/strong>Por desgracia, desde anta\u00f1o, muchas mujeres han sido objeto de malos tratos por parte de sus parejas o ex parejas, como una demostraci\u00f3n de la superioridad del hombre sobre la mujer. Desde el a\u00f1o 2004 contamos con la <strong>Ley Org\u00e1nica 1\/2004, de 28 de diciembre, de Medidas de Protecci\u00f3n Integral contra la Violencia de G\u00e9nero,<\/strong> que procura una protecci\u00f3n jur\u00eddica extra a las mujeres frente a las agresiones, tanto f\u00edsicas como ps\u00edquicas, realizadas por sus parejas o ex parejas.<\/p>\n<p align=\"JUSTIFY\">Como bien dice la Exposici\u00f3n de Motivos de esta Ley <strong><em>\u201clos poderes p\u00fablicos no pueden ser ajenos a la violencia de g\u00e9nero, que constituye uno de los ataques m\u00e1s flagrantes a derechos fundamentales como la libertad, la igualdad, la vida, la seguridad y la no discriminaci\u00f3n proclamados en nuestra Constituci\u00f3n<\/em><\/strong><strong><span style=\"color: #000000;\"><em>.\u201d<\/em><\/span><\/strong><em> <\/em><\/p>\n<p align=\"JUSTIFY\"><span style=\"color: #000000;\"> Esta Ley establece medidas de protecci\u00f3n y apoyo integral a la mujer, proporcionando a las v\u00edctimas informaci\u00f3n, asistencia jur\u00eddica gratuita, protecci\u00f3n social y apoyo econ\u00f3mico.<\/span><\/p>\n<p align=\"JUSTIFY\"><span style=\"color: #000000;\"> Tambi\u00e9n la sensibilidad de los poderes p\u00fablicos ha supuesto una agravaci\u00f3n de las penas para determinadas conductas delictivas, cuando sean infligidas a las parejas, o ex parejas, proporcionando tambi\u00e9n protecci\u00f3n a los menores que se encuentren en el entorno familiar donde se est\u00e9 ejerciendo esta violencia, por considerarse que, los propios menores, son v\u00edctimas, bien directas, bien indirectas de la misma.<\/span><\/p>\n<p align=\"JUSTIFY\"><span style=\"color: #000000;\"> Conductas que anta\u00f1o no se consideraban reprobables, e incluso estaban \u201cbien vistas\u201d en algunos \u00e1mbitos, que, en escasas ocasiones trascend\u00edan del \u00e1mbito estrictamente familiar, hoy son denunciadas y castigadas, todos recordamos las dificultades que exist\u00edan para que prosperaran las denuncias, ya que la propia polic\u00eda disuad\u00eda a las mujeres para que denunciaran. <\/span><\/p>\n<p align=\"JUSTIFY\"><span style=\"color: #000000;\"> Pese a que nuestros j\u00f3venes viven en una sociedad donde predomina o se pretende que predomine la igualdad entre sexos, cada vez es mas frecuente el maltrato en parejas jovenes e incluso adolescentes, por ello resulta tan importante la educaci\u00f3n y la sensibilizaci\u00f3n de nuestros j\u00f3venes, para evitar que adopten patrones err\u00f3neos que deben quedar para el pasado.<\/span><\/p>\n<p align=\"JUSTIFY\"><span style=\"color: #000000;\"> Hoy en d\u00eda la situaci\u00f3n nada se parece a la descrita, todos los operadores sociales, policias, sanitarios y jur\u00eddicos, proporcionan el apoyo necesario para poder erradicar este tipo de violencia, responsabiliz\u00e1ndose de la aplicaci\u00f3n integral de la Ley.<\/span><\/p>\n<p align=\"JUSTIFY\"><span style=\"color: #000000;\">La violencia de g\u00e9nero a la que la Ley otorga su protecci\u00f3n se ejerce siempre por el var\u00f3n sobre la mujer, dentro de una situaci\u00f3n de desigualdad entre ambos, mostr\u00e1ndose como una manifestaci\u00f3n machista de fuerza o poder del hombre sobre la mujer, siendo este su rasgo fundamental.<\/span><\/p>\n<p align=\"JUSTIFY\"><span style=\"color: #000000;\"> La violencia de genero no solo se ejerce mediante agresiones f\u00edsicas, sino que tambi\u00e9n pueden considerarse violencia de g\u00e9nero, situaciones de maltrato psicol\u00f3gico o incluso econ\u00f3mico. Estas \u00faltimas modalidades de violencia de genero (psicol\u00f3gica y econ\u00f3mica), ademas de desarrollarse dentro del \u00e1mbito privado al igual que la violencia f\u00edsica, presentan una especial dificultad probatoria debido a la falta de huellas f\u00edsicas en la victima, por lo que en estos casos, resulta imprescindible contar con dictamenes periciales. En nuestro despacho les ponemos en contacto con psic\u00f3logos especialistas en la materia.<br \/>\n<\/span><\/p>\n<p align=\"JUSTIFY\"><span style=\"color: #000000;\"> El primer paso que debe dar la victima de violencia de genero para actuar contra su maltratador es querer <\/span><strong><span style=\"color: #000000;\"><span style=\"text-decoration: underline;\">salir de esa situaci\u00f3n<\/span><\/span><\/strong><span style=\"color: #000000;\">, para ello, hay que <strong>tomar la decisi\u00f3n <\/strong>y perder el miedo a hablar, a contar lo que le ocurre, y, buscar ayuda profesional, que le apoye desde el momento de presentar la denuncia contra su agresor. <\/span><\/p>\n<p align=\"JUSTIFY\"><span style=\"color: #000000;\"> Desde el momento en que se presenta la denuncia, se pone en funcionamiento todo el mecanismo previsto en la Ley, procurando la mayor y mejor protecci\u00f3n de la v\u00edctima frente al agresor.<\/span><\/p>\n<p align=\"JUSTIFY\"><span style=\"color: #000000;\"> Desde nuestro despacho podemos asesorarle, en caso de ser victima de malos tratos, de c\u00f3mo y donde presentar la denuncia, donde acudir para recibir ayudas, etc&#8230;., y por supuesto, tramitar la orden de alejamiento y llevar su caso hasta el final.<\/span><\/p>\n<p align=\"JUSTIFY\"><span style=\"color: #000000;\"> El mal uso de la Ley que hacen algunas mujeres, mal asesoradas, de denunciar falsamente a sus parejas nos parece deleznable, por ello, tambi\u00e9n actuamos contra las falsas denuncias de malos tratos, puesto que flaco favor hacen las mujeres que denuncian falsamente a las verdaderas victimas de la violencia de genero.<\/span><\/p>\n<p align=\"JUSTIFY\">Puede hacer cualquier consulta bien en el apartado <a title=\"Contacto\" href=\"http:\/\/molina-vela-abogados.com\/valencia\/contacto\">Contacto<\/a> de nuestra web, bien por medio de nuestro correo electr\u00f3nico <a href=\"mailto:molina.vela.abogados@gmail.com\">molina.vela.abogados@gmail.com<\/a> o bien llamando a nuestro tel\u00e9fono <strong>96 351 69 00<\/strong><\/p>\n<p align=\"JUSTIFY\">\n<div class=\"sharedaddy sd-sharing-enabled\"><div class=\"robots-nocontent sd-block sd-social sd-social-icon sd-sharing\"><h3 class=\"sd-title\">Comparte esta p\u00e1gina:<\/h3><div class=\"sd-content\"><ul><li class=\"share-facebook\"><a rel=\"nofollow noopener noreferrer\" data-shared=\"sharing-facebook-20\" class=\"share-facebook sd-button share-icon no-text\" href=\"https:\/\/molina-vela-abogados.com\/valencia\/malos-tratos?share=facebook\" target=\"_blank\" title=\"Haz clic para compartir en Facebook\"><span><\/span><span class=\"sharing-screen-reader-text\">Haz clic para compartir en Facebook (Se abre en una ventana nueva)<\/span><\/a><\/li><li class=\"share-twitter\"><a rel=\"nofollow noopener noreferrer\" data-shared=\"sharing-twitter-20\" class=\"share-twitter sd-button share-icon no-text\" href=\"https:\/\/molina-vela-abogados.com\/valencia\/malos-tratos?share=twitter\" target=\"_blank\" title=\"Haz clic para compartir en Twitter\"><span><\/span><span class=\"sharing-screen-reader-text\">Haz clic para compartir en Twitter (Se abre en una ventana nueva)<\/span><\/a><\/li><li class=\"share-linkedin\"><a rel=\"nofollow noopener noreferrer\" data-shared=\"sharing-linkedin-20\" class=\"share-linkedin sd-button share-icon no-text\" href=\"https:\/\/molina-vela-abogados.com\/valencia\/malos-tratos?share=linkedin\" target=\"_blank\" title=\"Haz clic para compartir en LinkedIn\"><span><\/span><span class=\"sharing-screen-reader-text\">Haz clic para compartir en LinkedIn (Se abre en una ventana nueva)<\/span><\/a><\/li><li class=\"share-print\"><a rel=\"nofollow noopener noreferrer\" data-shared=\"\" class=\"share-print sd-button share-icon no-text\" href=\"https:\/\/molina-vela-abogados.com\/valencia\/malos-tratos\" target=\"_blank\" title=\"Haz clic para imprimir\"><span><\/span><span class=\"sharing-screen-reader-text\">Haz clic para imprimir (Se abre en una ventana nueva)<\/span><\/a><\/li><li class=\"share-email\"><a rel=\"nofollow noopener noreferrer\" data-shared=\"\" class=\"share-email sd-button share-icon no-text\" href=\"https:\/\/molina-vela-abogados.com\/valencia\/malos-tratos?share=email\" target=\"_blank\" title=\"Haz clic para enviar por correo electr\u00f3nico a un amigo\"><span><\/span><span class=\"sharing-screen-reader-text\">Haz clic para enviar por correo electr\u00f3nico a un amigo (Se abre en una ventana nueva)<\/span><\/a><\/li><li class=\"share-end\"><\/li><\/ul><\/div><\/div><\/div>","protected":false},"excerpt":{"rendered":"<p>Por desgracia, desde anta\u00f1o, muchas mujeres han sido objeto de malos tratos por parte de sus parejas o ex parejas, como una demostraci\u00f3n de la superioridad del hombre sobre la mujer. Desde el a\u00f1o 2004 contamos con la Ley Org\u00e1nica 1\/2004, de 28 de diciembre, de Medidas de Protecci\u00f3n Integral contra la Violencia de G\u00e9nero, &hellip; <a href=\"https:\/\/molina-vela-abogados.com\/valencia\/malos-tratos\" class=\"more-link\">Seguir leyendo <span class=\"screen-reader-text\">Malos tratos<\/span> <span class=\"meta-nav\">&rarr;<\/span><\/a><\/p>\n<div class=\"sharedaddy sd-sharing-enabled\"><div class=\"robots-nocontent sd-block sd-social sd-social-icon sd-sharing\"><h3 class=\"sd-title\">Comparte esta p\u00e1gina:<\/h3><div class=\"sd-content\"><ul><li class=\"share-facebook\"><a rel=\"nofollow noopener noreferrer\" data-shared=\"sharing-facebook-20\" class=\"share-facebook sd-button share-icon no-text\" href=\"https:\/\/molina-vela-abogados.com\/valencia\/malos-tratos?share=facebook\" target=\"_blank\" title=\"Haz clic para compartir en Facebook\"><span><\/span><span class=\"sharing-screen-reader-text\">Haz clic para compartir en Facebook (Se abre en una ventana nueva)<\/span><\/a><\/li><li class=\"share-twitter\"><a rel=\"nofollow noopener noreferrer\" data-shared=\"sharing-twitter-20\" class=\"share-twitter sd-button share-icon no-text\" href=\"https:\/\/molina-vela-abogados.com\/valencia\/malos-tratos?share=twitter\" target=\"_blank\" title=\"Haz clic para compartir en Twitter\"><span><\/span><span class=\"sharing-screen-reader-text\">Haz clic para compartir en Twitter (Se abre en una ventana nueva)<\/span><\/a><\/li><li class=\"share-linkedin\"><a rel=\"nofollow noopener noreferrer\" data-shared=\"sharing-linkedin-20\" class=\"share-linkedin sd-button share-icon no-text\" href=\"https:\/\/molina-vela-abogados.com\/valencia\/malos-tratos?share=linkedin\" target=\"_blank\" title=\"Haz clic para compartir en LinkedIn\"><span><\/span><span class=\"sharing-screen-reader-text\">Haz clic para compartir en LinkedIn (Se abre en una ventana nueva)<\/span><\/a><\/li><li class=\"share-print\"><a rel=\"nofollow noopener noreferrer\" data-shared=\"\" class=\"share-print sd-button share-icon no-text\" href=\"https:\/\/molina-vela-abogados.com\/valencia\/malos-tratos\" target=\"_blank\" title=\"Haz clic para imprimir\"><span><\/span><span class=\"sharing-screen-reader-text\">Haz clic para imprimir (Se abre en una ventana nueva)<\/span><\/a><\/li><li class=\"share-email\"><a rel=\"nofollow noopener noreferrer\" data-shared=\"\" class=\"share-email sd-button share-icon no-text\" href=\"https:\/\/molina-vela-abogados.com\/valencia\/malos-tratos?share=email\" target=\"_blank\" title=\"Haz clic para enviar por correo electr\u00f3nico a un amigo\"><span><\/span><span class=\"sharing-screen-reader-text\">Haz clic para enviar por correo electr\u00f3nico a un amigo (Se abre en una ventana nueva)<\/span><\/a><\/li><li class=\"share-end\"><\/li><\/ul><\/div><\/div><\/div>","protected":false},"author":1,"featured_media":0,"parent":0,"menu_order":42,"comment_status":"closed","ping_status":"open","template":"","meta":{"spay_email":""},"jetpack_shortlink":"https:\/\/wp.me\/P23X9y-k","jetpack_sharing_enabled":true,"jetpack_likes_enabled":true,"_links":{"self":[{"href":"https:\/\/molina-vela-abogados.com\/valencia\/wp-json\/wp\/v2\/pages\/20"}],"collection":[{"href":"https:\/\/molina-vela-abogados.com\/valencia\/wp-json\/wp\/v2\/pages"}],"about":[{"href":"https:\/\/molina-vela-abogados.com\/valencia\/wp-json\/wp\/v2\/types\/page"}],"author":[{"embeddable":true,"href":"https:\/\/molina-vela-abogados.com\/valencia\/wp-json\/wp\/v2\/users\/1"}],"replies":[{"embeddable":true,"href":"https:\/\/molina-vela-abogados.com\/valencia\/wp-json\/wp\/v2\/comments?post=20"}],"version-history":[{"count":6,"href":"https:\/\/molina-vela-abogados.com\/valencia\/wp-json\/wp\/v2\/pages\/20\/revisions"}],"predecessor-version":[{"id":224,"href":"https:\/\/molina-vela-abogados.com\/valencia\/wp-json\/wp\/v2\/pages\/20\/revisions\/224"}],"wp:attachment":[{"href":"https:\/\/molina-vela-abogados.com\/valencia\/wp-json\/wp\/v2\/media?parent=20"}],"curies":[{"name":"wp","href":"https:\/\/api.w.org\/{rel}","templated":true}]}}