{"id":11,"date":"2011-01-11T13:04:07","date_gmt":"2011-01-11T13:04:07","guid":{"rendered":"http:\/\/molina-vela-abogados.com\/wp\/?page_id=11"},"modified":"2014-10-25T09:56:03","modified_gmt":"2014-10-25T08:56:03","slug":"divorcio-expres","status":"publish","type":"page","link":"https:\/\/molina-vela-abogados.com\/valencia\/divorcio-expres","title":{"rendered":"Divorcio Expr\u00e9s"},"content":{"rendered":"<p>El llamado <strong>Divorcio Expr\u00e9s<\/strong>, resulta de la modificaci\u00f3n habida en la Ley para la agilizaci\u00f3n de los tramites del divorcio, en funcionamiento desde el a\u00f1o 2005. Se contemplan varias modificaciones entre las cuales se encuentra la reducci\u00f3n en el tiempo de espera para acceder a la Separaci\u00f3n o Divorcio, pues pasa a ser de <strong>tres meses<\/strong>, desde que se contrajo el matrimonio, y la opci\u00f3n de acudir directamente al Divorcio, transcurridos, como decimos los tres meses desde la celebraci\u00f3n del matrimonio, suprimi\u00e9ndose la necesidad de solicitar previamente la Separaci\u00f3n, que tiene el mismo tiempo de espera que el Divorcio.<br \/>\nEl <strong>Divorcio Expr\u00e9s<\/strong>, solo puede tramitarse si existe acuerdo entre los c\u00f3nyuges en su presentaci\u00f3n, y, previamente, debe redactarse el <strong>Convenio Regulador<\/strong>, recogiendo los acuerdos a los que hayan llegado los c\u00f3nyuges respecto a las medidas reguladoras del <strong>Divorcio<\/strong>: patria potestad, guarda y custodia de los hijos, custodia compartida, pensi\u00f3n alimenticia, r\u00e9gimen de visitas, uso y disfrute del domicilio familiar, pensi\u00f3n compensatoria si procediere, liquidaci\u00f3n de la sociedad de gananciales.<br \/>\nLos tr\u00e1mites a seguir son<strong> id\u00e9nticos al supuesto de <a title=\"Divorcios y Separaciones de Mutuo Acuerdo\" href=\"http:\/\/molina-vela-abogados.com\/valencia\/divorcios-y-separaciones-de-mutuo-acuerdo\">Divorcio de Mutuo Acuerdo<\/a><\/strong> y al igual que sus requisitos, que pueden consultar en el apartado <strong>Tr\u00e1mites<\/strong> en este enlace <a title=\"Tramites divorcio o separaci\u00f3n de mutuo acuerdo\" href=\"http:\/\/molina-vela-abogados.com\/valencia\/tramites-divorcio-o-separacion-de-mutuo-acuerdo\"><strong>Tr\u00e1mites a seguir en el proceso de Divorcio o Separaci\u00f3n de Mutuo Acuerdo<\/strong><\/a><\/p>\n<div class=\"sharedaddy sd-sharing-enabled\"><div class=\"robots-nocontent sd-block sd-social sd-social-icon sd-sharing\"><h3 class=\"sd-title\">Comparte esta p\u00e1gina:<\/h3><div class=\"sd-content\"><ul><li class=\"share-facebook\"><a rel=\"nofollow noopener noreferrer\" data-shared=\"sharing-facebook-11\" class=\"share-facebook sd-button share-icon no-text\" href=\"https:\/\/molina-vela-abogados.com\/valencia\/divorcio-expres?share=facebook\" target=\"_blank\" title=\"Haz clic para compartir en Facebook\"><span><\/span><span class=\"sharing-screen-reader-text\">Haz clic para compartir en Facebook (Se abre en una ventana nueva)<\/span><\/a><\/li><li class=\"share-twitter\"><a rel=\"nofollow noopener noreferrer\" data-shared=\"sharing-twitter-11\" class=\"share-twitter sd-button share-icon no-text\" href=\"https:\/\/molina-vela-abogados.com\/valencia\/divorcio-expres?share=twitter\" target=\"_blank\" title=\"Haz clic para compartir en Twitter\"><span><\/span><span class=\"sharing-screen-reader-text\">Haz clic para compartir en Twitter (Se abre en una ventana nueva)<\/span><\/a><\/li><li class=\"share-linkedin\"><a rel=\"nofollow noopener noreferrer\" data-shared=\"sharing-linkedin-11\" class=\"share-linkedin sd-button share-icon no-text\" href=\"https:\/\/molina-vela-abogados.com\/valencia\/divorcio-expres?share=linkedin\" target=\"_blank\" title=\"Haz clic para compartir en LinkedIn\"><span><\/span><span class=\"sharing-screen-reader-text\">Haz clic para compartir en LinkedIn (Se abre en una ventana nueva)<\/span><\/a><\/li><li class=\"share-print\"><a rel=\"nofollow noopener noreferrer\" data-shared=\"\" class=\"share-print sd-button share-icon no-text\" href=\"https:\/\/molina-vela-abogados.com\/valencia\/divorcio-expres\" target=\"_blank\" title=\"Haz clic para imprimir\"><span><\/span><span class=\"sharing-screen-reader-text\">Haz clic para imprimir (Se abre en una ventana nueva)<\/span><\/a><\/li><li class=\"share-email\"><a rel=\"nofollow noopener noreferrer\" data-shared=\"\" class=\"share-email sd-button share-icon no-text\" href=\"https:\/\/molina-vela-abogados.com\/valencia\/divorcio-expres?share=email\" target=\"_blank\" title=\"Haz clic para enviar por correo electr\u00f3nico a un amigo\"><span><\/span><span class=\"sharing-screen-reader-text\">Haz clic para enviar por correo electr\u00f3nico a un amigo (Se abre en una ventana nueva)<\/span><\/a><\/li><li class=\"share-end\"><\/li><\/ul><\/div><\/div><\/div>","protected":false},"excerpt":{"rendered":"<p>El llamado Divorcio Expr\u00e9s, resulta de la modificaci\u00f3n habida en la Ley para la agilizaci\u00f3n de los tramites del divorcio, en funcionamiento desde el a\u00f1o 2005. Se contemplan varias modificaciones entre las cuales se encuentra la reducci\u00f3n en el tiempo de espera para acceder a la Separaci\u00f3n o Divorcio, pues pasa a ser de tres &hellip; <a href=\"https:\/\/molina-vela-abogados.com\/valencia\/divorcio-expres\" class=\"more-link\">Seguir leyendo <span class=\"screen-reader-text\">Divorcio Expr\u00e9s<\/span> <span class=\"meta-nav\">&rarr;<\/span><\/a><\/p>\n<div class=\"sharedaddy sd-sharing-enabled\"><div class=\"robots-nocontent sd-block sd-social sd-social-icon sd-sharing\"><h3 class=\"sd-title\">Comparte esta p\u00e1gina:<\/h3><div class=\"sd-content\"><ul><li class=\"share-facebook\"><a rel=\"nofollow noopener noreferrer\" data-shared=\"sharing-facebook-11\" class=\"share-facebook sd-button share-icon no-text\" href=\"https:\/\/molina-vela-abogados.com\/valencia\/divorcio-expres?share=facebook\" target=\"_blank\" title=\"Haz clic para compartir en Facebook\"><span><\/span><span class=\"sharing-screen-reader-text\">Haz clic para compartir en Facebook (Se abre en una ventana nueva)<\/span><\/a><\/li><li class=\"share-twitter\"><a rel=\"nofollow noopener noreferrer\" data-shared=\"sharing-twitter-11\" class=\"share-twitter sd-button share-icon no-text\" href=\"https:\/\/molina-vela-abogados.com\/valencia\/divorcio-expres?share=twitter\" target=\"_blank\" title=\"Haz clic para compartir en Twitter\"><span><\/span><span class=\"sharing-screen-reader-text\">Haz clic para compartir en Twitter (Se abre en una ventana nueva)<\/span><\/a><\/li><li class=\"share-linkedin\"><a rel=\"nofollow noopener noreferrer\" data-shared=\"sharing-linkedin-11\" class=\"share-linkedin sd-button share-icon no-text\" href=\"https:\/\/molina-vela-abogados.com\/valencia\/divorcio-expres?share=linkedin\" target=\"_blank\" title=\"Haz clic para compartir en LinkedIn\"><span><\/span><span class=\"sharing-screen-reader-text\">Haz clic para compartir en LinkedIn (Se abre en una ventana nueva)<\/span><\/a><\/li><li class=\"share-print\"><a rel=\"nofollow noopener noreferrer\" data-shared=\"\" class=\"share-print sd-button share-icon no-text\" href=\"https:\/\/molina-vela-abogados.com\/valencia\/divorcio-expres\" target=\"_blank\" title=\"Haz clic para imprimir\"><span><\/span><span class=\"sharing-screen-reader-text\">Haz clic para imprimir (Se abre en una ventana nueva)<\/span><\/a><\/li><li class=\"share-email\"><a rel=\"nofollow noopener noreferrer\" data-shared=\"\" class=\"share-email sd-button share-icon no-text\" href=\"https:\/\/molina-vela-abogados.com\/valencia\/divorcio-expres?share=email\" target=\"_blank\" title=\"Haz clic para enviar por correo electr\u00f3nico a un amigo\"><span><\/span><span class=\"sharing-screen-reader-text\">Haz clic para enviar por correo electr\u00f3nico a un amigo (Se abre en una ventana nueva)<\/span><\/a><\/li><li class=\"share-end\"><\/li><\/ul><\/div><\/div><\/div>","protected":false},"author":1,"featured_media":0,"parent":0,"menu_order":26,"comment_status":"closed","ping_status":"open","template":"","meta":{"spay_email":""},"jetpack_shortlink":"https:\/\/wp.me\/P23X9y-b","jetpack_sharing_enabled":true,"jetpack_likes_enabled":true,"_links":{"self":[{"href":"https:\/\/molina-vela-abogados.com\/valencia\/wp-json\/wp\/v2\/pages\/11"}],"collection":[{"href":"https:\/\/molina-vela-abogados.com\/valencia\/wp-json\/wp\/v2\/pages"}],"about":[{"href":"https:\/\/molina-vela-abogados.com\/valencia\/wp-json\/wp\/v2\/types\/page"}],"author":[{"embeddable":true,"href":"https:\/\/molina-vela-abogados.com\/valencia\/wp-json\/wp\/v2\/users\/1"}],"replies":[{"embeddable":true,"href":"https:\/\/molina-vela-abogados.com\/valencia\/wp-json\/wp\/v2\/comments?post=11"}],"version-history":[{"count":12,"href":"https:\/\/molina-vela-abogados.com\/valencia\/wp-json\/wp\/v2\/pages\/11\/revisions"}],"predecessor-version":[{"id":261,"href":"https:\/\/molina-vela-abogados.com\/valencia\/wp-json\/wp\/v2\/pages\/11\/revisions\/261"}],"wp:attachment":[{"href":"https:\/\/molina-vela-abogados.com\/valencia\/wp-json\/wp\/v2\/media?parent=11"}],"curies":[{"name":"wp","href":"https:\/\/api.w.org\/{rel}","templated":true}]}}